(6 - 10) + 1)*1. Is n/5 + (-48972)/(-70) a composite number?
True
Let o(c) = -c**2 - 10*c + 24. Suppose -5*z + 2*d - 66 = 0, -4*z - 6*d - 33 = -d. Let h be o(z). Suppose h = 8*q + 1609 - 11393. Is q a composite number?
False
Suppose -28*w - 16*w = -19*w - 4696525. Is w a prime number?
True
Let s = 1199736 + 340849. Is s composite?
True
Let c = -2326 - -6841. Let h = c + -2978. Is h prime?
False
Let j(s) = 7*s**2 + 6*s - 6. Suppose 7*a - 463 = -127. Suppose -5*u + a = 3*m, 2*u = 2*m - 3*m + 17. Is j(m) a composite number?
False
Suppose -5079289 + 1451247 = -10569*p + 10547*p. Is p a prime number?
True
Let a(h) = 61*h**2 - 2*h - 7. Let t be a(3). Suppose v - 3*k = -k + t, -16 = 4*k. Let u = 103 + v. Is u a prime number?
True
Suppose 7*a = -5166 - 5467. Let m = -884 - a. Is m a composite number?
True
Let c be 2/(-11) + (434712/(-44) - -5). Let t = c - -48774. Is t composite?
True
Let s = -21 - -12. Is -2 + -1 + (1255 - s/3) composite?
True
Suppose -4*c = -4*o - 544680, -113074 = -c + 4*o + 23117. Is c a composite number?
False
Suppose -13*w + 10 = -3. Suppose q + 5 - w = -4*z, -z = 2. Suppose q*d = -0*d + 3*g + 1321, 5*d + g - 1656 = 0. Is d a prime number?
True
Let n(o) = 5*o + o - 3 + 0*o - 94*o**2 - 10*o. Let w be n(-4). Let m = -770 - w. Is m a prime number?
False
Suppose 0 = 5*g + 2*t - 205565 + 63364, -g = -3*t - 28430. Is g composite?
False
Let n = 94334 + -44931. Is n composite?
True
Let p be 43/3 - (-21)/(-9). Suppose -p = 3*s, -t - 2*s = -7*s - 22071. Is t composite?
False
Let m be (-690)/(-10)*794/(-3). Is m/(-20) - 7/70 a composite number?
True
Let v(h) = h**3 + 14*h**2 + 8*h + 25. Let b be v(-13). Suppose -2*p = -4*f + 164, 3*p + 0*p = 2*f - b. Is f a composite number?
True
Let h = -686 + 682. Let z(t) = -8184*t - 23. Is z(h) a prime number?
True
Suppose r + 3*q = 1 - 17, 8 = 2*r - 4*q. Is -2*1949*r/8 a composite number?
False
Let f = 41208 + 18919. Is f composite?
False
Suppose 0 = 3*y + 4*r - 137277, -36*r + 41*r - 183034 = -4*y. Is y a prime number?
True
Let v(w) = 3*w**2 + w + 2. Let j be v(-1). Suppose -2*a - l = -15, 10*a - 6*a = j*l + 12. Suppose -a*u + 0*u + 1644 = 0. Is u a composite number?
True
Let d = -148 + 252. Suppose -7*z + 5*z = 22. Let v = d - z. Is v composite?
True
Let k(n) = 63*n + 34. Let o be k(-15). Let j = 2349 + -271. Let u = j + o. Is u composite?
True
Is 146*(-22683)/(-6) - (-5)/(10/(-4)) a prime number?
True
Let v = -369 + 561. Let p be (-2)/8 + (-590)/8. Let s = p + v. Is s composite?
True
Let a = 1640 - 5154. Is (a/(-8))/((-7)/(-28)) a composite number?
True
Let f = 6186 - 2747. Let l = f - 1902. Is l composite?
True
Suppose 22*t - x - 157763 = 19*t, -2*x = -4*t + 210352. Suppose 5*p - 3*r - 89179 = -1515, 3*p = -2*r + t. Is p prime?
False
Suppose 9 = -7*b - 614. Suppose 4*s - 2317 = -3*o, o = -3*s + 4*o + 1743. Let l = s + b. Is l a prime number?
True
Let s be ((525/10)/15)/(2/55988). Suppose -9*x + 2*x = -s. Is x a prime number?
True
Let x(m) = -m**3 - m**2 + m + 892. Let c be x(0). Suppose -6*q = 22*q. Suppose q = 5*i - i - c. Is i a prime number?
True
Suppose -731*g + 159271 = -670*g. Is g prime?
False
Let l(h) = -h**3 - 4*h**2 - 8*h - 2. Let c be l(-2). Let d(g) = 2*g**3 - 17*g - 11. Is d(c) prime?
False
Let v = 67 + -67. Suppose -7*c + 5723 - 1306 = v. Is c a composite number?
False
Suppose 2*j + 7*t - 8*t + 42662 = 0, 0 = -j - t - 21337. Let x = -10124 - j. Is x composite?
True
Let i = 5863 + -1442. Is i a composite number?
False
Let i(l) = -547*l**3 + 18*l**2 - 42*l - 314. Is i(-6) a composite number?
True
Suppose 3*w - 52560 = -j, 35051 = 15*w - 13*w - 3*j. Is w composite?
True
Suppose 66 = 9*t + 30. Suppose -t*y + 5688 = 244. Is y a prime number?
True
Let b be 1/1 - (-10 + 2 + 2). Suppose 7 = 3*s - 4*j - b, -3*j - 16 = -5*s. Suppose w + 2025 = 4*w + s*m, w - 664 = 3*m. Is w a prime number?
True
Suppose 5*j = 2*h + j + 3182, 16 = -4*j. Let x = h + 2608. Is x prime?
True
Suppose -21 = w - 3*n + 4, 3*w + 35 = n. Let g(l) = 123*l + 43. Let y(z) = 248*z + 88. Let a(f) = -7*g(f) + 3*y(f). Is a(w) a composite number?
True
Suppose 66*d = 41511643 + 6911. Is d a composite number?
True
Suppose -255*g + 254*g = 14. Is 4*(-15365)/(-10)*(-7)/g prime?
False
Let o(c) = 111*c + 1. Suppose 147 = -4*y - 61. Let x = y - -54. Is o(x) composite?
False
Is ((-48682380)/(-160)*-2)/(3/(-4)) prime?
False
Suppose -2*j + 4*z + 170840 = -21390, -5*j - 2*z + 480503 = 0. Is j prime?
False
Let k be (-360)/54*(26/(-8) - -4). Let n(l) = -8 - 9*l + 9*l**2 + 3*l + 8*l**2. Is n(k) a prime number?
False
Suppose -5*f + 14175 = 3*t, -4*t = 2*f - 13380 - 5548. Is t a composite number?
True
Suppose -3*b + 843*s - 839*s - 109 = 0, 197 = -5*b - s. Suppose 0*o + 2*a - 518 = o, 5*a = -3*o - 1587. Let r = b - o. Is r a prime number?
False
Suppose 110*c + 114*c = 56138656. Is c a prime number?
True
Let g be (-390)/234*6/(-5). Suppose -13*c = -17*c - a + 2250, g*a = 4*c - 2256. Is c prime?
True
Let a be 1/(27/(-480)) + 42/(-189). Let g(j) = 23*j**2 - 23*j + 37. Is g(a) a prime number?
False
Suppose 2*d = 2*b - 7146, 9 = -5*b - 6. Let j = d + 10079. Is j composite?
True
Let w = 21831 - 8677. Is w a composite number?
True
Suppose -16*q = -11*q - 9930. Let t = 385 + q. Is t composite?
False
Suppose 119*p + 7172 = 130*p. Suppose 3*u - 3 = 3. Suppose -p - 1458 = -u*d. Is d composite?
True
Let c be 3*4*3/12. Let z(i) be the second derivative of 19*i**3 + 5*i**2/2 + 4*i. Is z(c) composite?
False
Let a(h) = -12*h - 141. Let k be a(-11). Is ((-11)/(-2))/((k/(-534))/3) a prime number?
False
Suppose -4*h + 24 = q, 0 = 4*q + 5*h - 21 - 20. Suppose 0 = -q*k - 3*m + 290, -3*m - 8 + 2 = 0. Is k composite?
True
Suppose -2 - 22 = -5*t - 3*p, 5*t - p - 12 = 0. Suppose -2*q - 5*x + 2510 = -1258, -12 = t*x. Is q a prime number?
False
Suppose 0 = -3*l, -5 = -2*w + 5*l + 19. Suppose 0 = -w*g + 6*g + 16014. Is g a prime number?
False
Suppose -226544 + 682783 = 49*c. Is c a prime number?
True
Let r be (4 + -3)*4 - 1. Suppose -3*w - r*v - 2*v = -4, -4*w = 2*v + 4. Let p(d) = -91*d + 3. Is p(w) a composite number?
True
Let u(n) be the third derivative of 815*n**4/12 + 85*n**3/6 - 8*n**2 - 3. Is u(6) a composite number?
True
Let c(x) be the second derivative of x**4/6 - 7*x**3/2 + 51*x**2 - 21*x. Is c(28) a prime number?
False
Suppose -2*c + 1676 = -1092 + 746. Let s = -198 - -358. Let d = c + s. Is d a prime number?
True
Let z(w) = 3*w**2 - 10*w + 39. Let a be 4 + 2 + (-2 - -1). Suppose -2*u = 2*p + 3*u + 22, 3*p - a*u = -58. Is z(p) prime?
True
Suppose 69 - 43 = 13*n. Suppose n*d - 36026 = -4*x, -55*d + 51*d + 72052 = 4*x. Is d a composite number?
False
Suppose -4*c + 44 = -c - 4*x, -c + 28 = 2*x. Let z(t) = 3*t**3 - 6*t**2 - 3*t + 4. Let d be z(5). Let k = d - c. Is k composite?
True
Let x = 62 - 27. Let u(n) = n**3 - 36*n**2 + 38*n + 28. Is u(x) a prime number?
False
Suppose -2 = 2*x, -4*k - 2*x = -163 - 183. Let y be k/8 + (-1)/(-8). Suppose -16*j + 24305 = -y*j. Is j composite?
False
Let i(q) = 6781*q**3 + q**2 - 155*q + 809. Is i(6) a prime number?
True
Let c be 52/65 + 8/(-10). Suppose -3*d - 26 + 119 = c. Is d composite?
False
Let j = -376887 - -756896. Is j prime?
False
Let u = 104856 - -48023. Is u a prime number?
True
Is (-70)/14 + (1776566 - -4)/5 composite?
True
Let s(c) = 8*c**2 - c + 1. Let h be s(-1). Suppose 0 = 4*x - 3*p + 3, -p - h = -3*p. Suppose -2780 = -x*t + 1417. Is t a composite number?
False
Let a(y) = -6*y + 11*y**2 - 18*y - 10*y**2 - 41 + 4*y. Let u be a(22). Suppose -3*i + 14 + 629 = 5*f, u*i + 2*f - 637 = 0. Is i a prime number?
True
Is 180/(-270)*(-1913859)/2 composite?
True
Suppose -8 = 4*a - 0*a. Let p(q) = -6*q**3 + 4*q**2 + 2*q - 1. Let o be p(a). Suppose 0 = -64*x + o*x + 16295. Is x a composite number?
False
Let v = 7 + -4. Suppose 2*f + 3*b = 560, -2*f - 2*f = -3*b - 1120. Suppose -f = -v*w + 1817. Is w a prime number?
False
Let y be -336*(-15 + (-5 - 102/(-18))). Suppose -x + y = -693. Is x a composite number?
True
Suppose 20*c - 31*c + 535455 = 34*c. Is c a prime number?
False
Suppose 3*r + 286561 = 8*r + 3*o, -3*r = 2*o - 171937. Is r a composite number?
True
Let b(k) = 4783*k - 2615. Is b(16) a prime number?
False
Suppose 13 = -c + 16. Let t(f) = 318*f**2 + 4*f + 13. Is t(c) a prime number?
True
Let b(h) = -185*h - 202. 